6 - 3) + 6/(-2). Calculate v(a).
8
Let m = -4 + -3. Let w(d) = -11*d**3 + 3*d**2 - 6. Let x(j) = 19*j**3 - 7*j**2 + j + 13. Let p(a) = -7*w(a) - 4*x(a). Give p(m).
18
Let o(r) = -37*r - 147. Let b(f) = 7*f + 29. Let z(g) = -11*b(g) - 2*o(g). Determine z(-6).
-7
Let x(y) = y**3 + 4*y**2 - 3*y + 7. Let l(g) = g**2 - 11*g + 24. Let i be l(6). Calculate x(i).
-47
Let r(i) be the second derivative of -1/2*i**3 + 0 + 1/2*i**2 + 1/12*i**4 + 3*i. Let z = -52 - -56. What is r(z)?
5
Suppose -3*b - 11 = 7. Let m(p) = 3*p**3 + 3339*p**2 - 3333*p**2 + 1 - 2*p**3. Let f be m(b). Let a(d) = 3*d + 1. What is a(f)?
4
Let r(q) be the third derivative of q**6/120 - q**5/15 - q**4/8 + 5*q**3/6 + 57*q**2. Give r(2).
-9
Let g be (-36)/9 + 9 + 3. Let i(a) = 7*a**2 + 0*a**3 - 10*a + 2*a - a**3 - 6 + 2*a**2. Give i(g).
-6
Let u(t) = -11*t + 42. Let g be 2236/520 + (-3)/10. Calculate u(g).
-2
Let n be 2/(-5) - 34/(-10). Let h = -388 + 392. Suppose -k - n = h. Let r(m) = -m**2 - 7*m - 2. Calculate r(k).
-2
Let h(b) = 1 + 6*b + 8*b + 4*b - 2*b**3 - 4*b**2 - 13*b. Give h(-4).
45
Let a be -8 + 7 - 2*-2. Suppose -a*l - 3*s + s = -8, -4*l - 4*s = -4. Let v(k) = -k**2 + 6*k + 5. Give v(l).
5
Let c(z) = -6*z - 3. Let b = -771 + 777. Give c(b).
-39
Let q(w) = w**3 - 4*w**2 + 3*w - 1. Let t = 1507 - 1505. Calculate q(t).
-3
Suppose -2*b - 12 = -30. Let r(l) be the first derivative of -l**4/4 + 8*l**3/3 + 5*l**2 - 5*l - 74. Calculate r(b).
4
Let b(r) = 3*r - 1. Suppose -5*n + 3*x + 7 = 0, 5*n = 2*n + 5*x + 1. Suppose 2*v = 2 + n. What is b(v)?
5
Let p(x) = 2*x - 4. Let s(c) = c - 1. Let h(l) = 2*p(l) - 6*s(l). Suppose -2*o - 22 = -4*j + 8*j, 3*j = 3*o - 3. What is h(o)?
4
Let r = -10 + 5. Let v be (-2)/(2/3) - -7. Let k(q) = -4 + 3*q - v*q + 0. Calculate k(r).
1
Let c be ((-24)/2)/(-3 - -1). Suppose 8*t - 5*t - 24 = 0. Let j(o) = -o**3 + 4*o**2 - 9*o - t*o**2 + 11*o**2 + 7. Give j(c).
-11
Let o(z) be the third derivative of -z**4/8 + 188*z**2. Calculate o(-1).
3
Let f be (-34)/(-8) - (-4)/(-16). Let r(x) = -x - 3 - x**3 - 3*x**3 + f*x**2 + 5*x**3. Give r(-4).
1
Let u(f) = -562*f**2 + 8 + f**3 + 301*f**2 + f + 277*f**2. Determine u(-16).
-8
Let l(g) be the second derivative of -5*g**4/24 + g**3/6 - 5*g**2 + 10*g. Let x(v) be the first derivative of l(v). Let a = -1 - 0. Determine x(a).
6
Let a = 102 + -94. Let i(b) = -2*b + 3. Give i(a).
-13
Let r(h) be the first derivative of 1/2*h**2 - 4 - 7*h. Let i(o) = -2*o + 13. Let k(d) = -3*i(d) - 5*r(d). What is k(4)?
0
Let x = 0 + 10. Suppose x*k + 21 = 13*k. Let i(m) = -k + 6*m**3 + m + 2*m + 8 - 2*m. Calculate i(-1).
-6
Let a(v) be the second derivative of v**6/360 - v**5/60 - 31*v**4/12 + 7*v. Let u(d) be the third derivative of a(d). Give u(-3).
-8
Let w(z) = z**2 + 14*z + 14. Suppose -730 = -5*p - 795. Calculate w(p).
1
Let l(y) = y - 6. Suppose d = 4*d. Let x(i) = i**2 + i - 7. Let g be x(d). Let c be (-7)/g*(0 - -7). Calculate l(c).
1
Let a be ((-5)/(-3) - 2)*-42. Suppose -8 = -2*p - a. Let l(m) be the first derivative of -m**4/4 - 2*m**3/3 - 3*m**2/2 - 4*m + 65. Determine l(p).
14
Let y(p) = -4*p + 5. Suppose -4*v = 45 - 81. Determine y(v).
-31
Let o(m) = m**2 + m - 3. Let g(k) = k + 7. Let c be g(-5). Suppose 0 = -5*l + 3*j + 16, 0*l - 10 = -c*l + 3*j. Let y be -3*l/3 + 6. Give o(y).
17
Let b be 35/(-14)*((-96)/(-20))/(-4). Let k(j) = j**2 - 5*j - 6. Calculate k(b).
-12
Let i(g) = -g**2 + 4*g + 1. Suppose 0*t - 5*t = -4*k + 30, -25 = -3*k + 5*t. Give i(k).
-4
Let r = 16 + 2. Let s = r - 16. Let b(k) = -k - 4 + 23*k**2 - 22*k**s + 7*k. What is b(-6)?
-4
Let v be ((-46)/(-3))/(14/21). Let k = v + -26. Let c(n) = 5*n - 3. Determine c(k).
-18
Suppose -9*p + 117 = -378. Let s = 61 - p. Let t(g) = -g**2 + 6*g - 8. What is t(s)?
-8
Let j(i) = 3*i - 14. Let f be j(10). Let y(t) = -28*t + 2 - 7 + f*t + 9*t + t**2. Give y(4).
-1
Suppose 5*r - q = 15, 0 = -4*r + q + 1 + 10. Let v(t) = -t**2 + 10. Give v(r).
-6
Suppose -w - 11 = -2*n, -5*n + 40 = -0*w - 5*w. Suppose n*p = -0*p + 6. Let d(v) = -p*v**3 + 7*v**2 + v**3 - 4*v - 3*v - 2 + 0*v**2. Calculate d(6).
-8
Let h(i) = -20*i - 1. Suppose 3*z - 12 = 0, -5*z + 17 = -4*l - 7. What is h(l)?
19
Let h(q) = -2*q**2 + 3*q + 3. Suppose -4*g + 296 = 112. Suppose 0 = r + 5, -4*r - g + 18 = -2*v. Give h(v).
-17
Let c = 18 - 13. Let o(z) = -c*z - 9*z + 23*z - 10*z. Suppose -4*a - 9 = -5. Give o(a).
1
Suppose 3*v - 4*q = -q + 12, q - 4 = -3*v. Let g(k) = 2*k - 6. Calculate g(v).
-2
Let k = -13 + 7. Let g(u) = u - 4. Let q be g(6). Let l(o) = 1 - q*o**2 - 7*o + 0 + 6 + o**2. Determine l(k).
13
Let z = 10 + 1. Let b(m) = -2 + 3 - 4*m + 12*m**2 - 3*m**2 - z*m**2. Calculate b(-3).
-5
Let d(s) = -s**3 + 3*s**2 - s. Let o be -2 + 4 + 0 + 1. Let v be d(o). Let c(y) be the first derivative of -y**2 + 11. Determine c(v).
6
Let j(k) = -2*k - 15. Let l be j(-10). Suppose -10 = -4*g + 2*g - l*i, 4*g + 16 = -i. Let v(c) = -7*c - c**2 + 0*c**2 - 11 + 6. Determine v(g).
5
Let h(y) = -3*y**3 + y**2. Let s be 6/4 + (-3)/6. Let x(g) = g**2. Let i(o) = s*h(o) - 2*x(o). What is i(1)?
-4
Let s(g) be the third derivative of 0*g - 7*g**2 - 7/24*g**4 + 1/6*g**3 + 0. Give s(-1).
8
Let b(t) = -2*t - 4 + 3 + t + 0*t. Let x be b(-3). Let d(j) = 6*j - 6*j - x*j. Calculate d(-1).
2
Let o(y) = -y**2 + 5*y - 2. Suppose 19 = h + 8. Let l(q) = 3*q**2 - 13*q + 6. Let x(w) = h*o(w) + 4*l(w). Let b = -2 + -2. Determine x(b).
6
Let g be 60/7 + (-9)/(-21). Let r(d) = -g*d**2 - 4*d - 3*d**2 + 11*d**2 + 3 + d**3. What is r(2)?
-1
Let s(i) = -i**2 - 4*i + 1. Let o = -4 - -9. Suppose o*r - 4*r = -5*p, -4*r + 5*p = 100. Let l be (-16)/r*(-2 - 3). Give s(l).
1
Let k(l) = -3*l**2 - 1. Let o(b) = b**2 - 11*b + 9. Let t be (-22)/(-4) - (-2)/(-4). Suppose -2*j + 3*n = -35, 4*j + t*n = -j + 25. Let s be o(j). What is k(s)?
-4
Let n(z) = -z**2 + 4*z + 4. Let c = 16 + -12. Give n(c).
4
Let c(g) be the second derivative of g**5/20 + 17*g**4/12 - g**3/3 - 33*g**2/2 + 469*g. Calculate c(-17).
1
Let w(p) = 26*p - 85*p + 24*p**2 + 27*p + 33*p - 6*p**2. Give w(-1).
17
Let p(f) = f**3 - f**2 + f + 8. Let t(q) = q**2 - 3*q + 4. Let y be t(3). Suppose w + y*w - 70 = 0. Let h(g) = -g**3 + 13*g**2 + 14*g. Let j be h(w). Give p(j).
8
Let j(h) = -4*h**3 - 3*h**2 - 2*h. Let o be j(-1). Let w = o - 8. Let k(m) = -4 + 2*m**3 - 4*m**2 + 7*m**3 - 10*m**3 + 0 + 6*m. Calculate k(w).
-9
Let v(q) = -q**3 + 11*q**2 + 2*q - 13. Let i be v(11). Let a(z) = -i*z + 2*z + 4*z - 6. Calculate a(-6).
12
Let o(g) = g**2 - 7*g + 3. Let n = -44 - -46. Suppose -1 = -3*t + 4*v - 0, t + 3 = n*v. Calculate o(t).
3
Let x = 1 + 4. Suppose -u - 17 = -5*c, 2*u - c - 8 = -2*u. Let g(k) = 5 + 4*k - x*k - u*k - k**2 + 3*k. Calculate g(0).
5
Let o(v) be the third derivative of -v**5/120 + v**4/24 + 7*v**3 - 10*v**2. Let g(x) be the first derivative of o(x). What is g(0)?
1
Let z(m) = -m**3 - 4*m**2 - 2*m + 2. Suppose 11 = -3*b - 1. What is z(b)?
10
Suppose 3*u + 5*u = 48. Let p(s) = s - 1. Give p(u).
5
Let l(b) = -b + 10. Let w = -15 + 23. Give l(w).
2
Let x(y) = y - 1. Let i(l) = 3*l - 6. Let n(b) = -i(b) + 4*x(b). Suppose 3*c = 4*j + 14, 5*c + 243 - 278 = -5*j. What is n(c)?
8
Let r(w) = -23*w - 3. Let i be ((-78)/(-12) - 5) + (-85)/34. Calculate r(i).
20
Let t = -2 - -8. Let n(i) = 4*i - t*i - 4 - 3. Determine n(-5).
3
Let j(c) = 3*c**3 + 37*c**2 - 31*c - 53. Let h(g) = 2*g**3 + 19*g**2 - 16*g - 27. Let s(u) = 5*h(u) - 3*j(u). Give s(15).
-6
Let z be 90/(-25) + 3 + (-63)/(-5). Let v = 10 - z. Let w(d) = 9*d - 1. Give w(v).
-19
Let k(b) be the third derivative of -b**6/120 + 2*b**5/15 + 7*b**4/24 + 2*b**3 - 56*b**2. Determine k(9).
-6
Let v(x) = -8 + 8*x - 4 + x**2 + 14 - 10*x. Suppose 2*o = -5*q - 7, -3*o + 5*o + 4*q = -4. Give v(o).
10
Let a(c) = c**3 + 13*c**2 + 7*c + 15. Let y(s) = 2*s - 14. Let p be y(10). Let o(r) = -r**3 - 14*r**2 - 7*r - 16. Let u(g) = p*a(g) + 5*o(g). What is u(-7)?
10
Let o(f) = -1. Let z(q) = 9*q + 5. Let y(l) = 6*o(l) + z(l). Let k(g) = g + 4. Let a be k(0). Let t be (a/(-8))/(2/(-4)). Give y(t).
8
Let z(f) be the third derivative of -f**5/24 - f**4/4 + f**3 + 9*f**2. Let t(g) be the first derivative of z(g). Determine t(-5).
19
Let y = -105 + 74. Let a = 38 + y. Let p(h) = -50*h**2 + 10*h - a - 3*h + 49*h**2. What is p(6)?
-1
Let c = 6229 + -6235. Let j(x) = -3*x